7*p - 19. Let o be d(11). Suppose -2*l + o = 5*v, -2*l + l + 2*v = -157. Suppose -5*f + l = -251. What are the prime factors of f?
2, 5
Suppose 199*w + 66456 = 251*w. Suppose -130 = -y - 4*y. List the prime factors of w/y + (-2)/13*1.
7
Suppose 25024 = 13*k - 29186. List the prime factors of k.
2, 3, 5, 139
Let m(c) = -9*c**3 - 3*c**2 + 2*c - 2. Let i be m(-4). Suppose -i = -4*h - 2*z, -2*h + 4*z + 104 = -170. List the prime factors of h.
131
Let s(x) = 19*x**3 - x**2 - x - 1. Let j be s(-1). Suppose 102*z + 2085 = -37*z. Let t = z - j. What are the prime factors of t?
5
What are the prime factors of (((-14790867)/34)/(-39) - (-6)/4) + -1?
5, 23, 97
Let a = 226 - 229. Let m(l) = -22*l**3 + 5*l**2 + 2*l - 8. List the prime factors of m(a).
5
What are the prime factors of 14510*(12/15 + (-24)/60)?
2, 1451
List the prime factors of -3666*(-235)/75 - (-4)/(-5).
2, 5743
Suppose -12 = 3*z, 4*s - 36 = -2*z + 6*z. Suppose -12 = d + 2*d, s*f + 2*d = -8. Suppose u - 18 - 59 = f. What are the prime factors of u?
7, 11
Let z(h) = 3*h + 12. Let p be z(-4). Suppose p = -5*q + 77 - 22. Suppose -q*y = -15*y + 304. List the prime factors of y.
2, 19
Suppose -4*z + 3 = -3*z. Suppose 0 = -9*f + 24 + z. Suppose f*m + 0*m = 381. What are the prime factors of m?
127
Let l be (2/(-6))/(23/(-15594)). Suppose 9207 = 237*u - l*u. List the prime factors of u.
3, 31
Suppose i - 157 = -4*x, -2*i + x + 286 = 2*x. Suppose -3*l + i = 5*w, 4*l + 2*w - 118 = 56. List the prime factors of (l/35)/(6/340).
2, 17
Suppose -5*b - 22 = -4*h - 2888, -4*h = 3*b - 1758. List the prime factors of b.
2, 17
Let f = -38 + 54. Let b = -11 + f. Suppose 5*r - w = 360, -350 = -b*r - 4*w + 3*w. What are the prime factors of r?
71
Let q(z) = -140*z + 875. What are the prime factors of q(-18)?
5, 7, 97
Let r = 30 - -30. List the prime factors of ((-33)/22)/((-1)/r).
2, 3, 5
Let q(c) = 25996*c**3 - 4*c**2 - 34*c + 39. List the prime factors of q(1).
25997
Let g be (-110)/(-3) + (-4 - (-20)/6). Let k be g/14 + (18/(-7) - -3). Suppose -243 = -k*x + 111. List the prime factors of x.
2, 59
Suppose 19 = 5*s - 6. Suppose 3*l - 301 = s*a, 2*l - 78 = -4*a + 130. What are the prime factors of l?
2, 3, 17
What are the prime factors of (9 - 41120/(-128))/(1/92)?
23, 1321
Suppose 0 = -3*n - 5*z + 6109, 4066 = 2*n + z + 4*z. What are the prime factors of n?
3, 227
Let l(d) = 10*d**2 + 15*d - 66. Suppose -152*r = -156*r + 20. List the prime factors of l(r).
7, 37
Suppose -4*i = -3*x + 7, 2*x + 4 = -5*i + 1. Suppose -2*r + 7 = x. List the prime factors of (-2412)/(-45) + ((-12)/(-10))/r.
2, 3
Suppose -3*w - 4*w - 49 = 0. List the prime factors of (318 - 1) + (1 - -5) + w.
2, 79
Suppose -16*j = -152102 + 74796 - 118854. List the prime factors of j.
2, 5, 613
Let z = 44193 + -12563. What are the prime factors of z?
2, 5, 3163
Let b(x) = -x - 17. Let l be b(-10). Let j(g) = 12*g**2 - 25*g + 6. List the prime factors of j(l).
769
Suppose 3*s + 78 = 1758. Let y = 1239 - s. What are the prime factors of y?
7, 97
Suppose 3*w + 12 + 15 = 0. What are the prime factors of 4/18 - w/(486/44646)?
827
Suppose 0 = -6*y + 3505 - 529. Let h = 1026 - y. What are the prime factors of h?
2, 5, 53
Suppose -p + 4924 = -3*l, -2*l - 32302 = -5*p - 7734. List the prime factors of p.
2, 307
Let o(w) = w**3 - 3*w**2 - 3. Let f be o(4). Suppose -4*u + 5*c + 32 = 0, -u + 4*c = -4 - 15. Suppose u*k - f*k = -1150. What are the prime factors of k?
5, 23
Suppose 154724 = 3*c + 4*h, c + 26*h = 15*h + 51536. List the prime factors of c.
2, 5, 2579
Let z(i) = -946*i - 17. Let w(s) = 1896*s + 36. Let t(r) = 3*w(r) + 7*z(r). What are the prime factors of t(-1)?
13, 71
Let r = 250 - 176. Let a = r - 25. What are the prime factors of a?
7
Suppose -14*t = -12*t - 12. Suppose -t*c - 9 = -9*c. Suppose 0 = -2*d + c*v + 197, 2*v - 61 = -d + 27. List the prime factors of d.
2, 47
List the prime factors of (-7 - (-152594)/2) + (-5 - 8).
83, 919
Suppose 5*v + 1 = -l + 16, -5*l - 4*v + 33 = 0. Suppose -l*t - 5*q = -45, 0*q = -t + 4*q + 29. Suppose t*k - 44 = 12*k. List the prime factors of k.
2, 11
Suppose -5*z = -3*z - 4*p - 14, -3*z + 25 = -5*p. What are the prime factors of 573 + 17 - -2*z/6?
5, 7, 17
Let l(q) = -3141*q - 331. What are the prime factors of l(-2)?
11, 541
Let c be 2*-34*11/(-44). Suppose 0 = -c*n + 20*n - 27. List the prime factors of n.
3
Let x be 15 + -1*(2 - 2/(-2)). List the prime factors of 302*2/x*6.
2, 151
Let j(b) = 2*b**2 + 12*b. Let z = 15 + -14. Let v(p) = 5*p**3 - 3*p**2 + p + 1. Let a be v(z). What are the prime factors of j(a)?
2, 5
Suppose -g - 4265 = -6*g. Suppose 0*f + 11*f - 85 = -6*f. Suppose -188 = f*z - g. List the prime factors of z.
7, 19
Let a(s) = -7*s**3 + s**2 - 2*s - 4. Let m be a(-2). Let g be m/(-14) + (-18)/(-63). Let k = g - -84. List the prime factors of k.
2, 5
Let g(i) = -i**3 + 45*i**2 + 14*i + 101. Let l be (-18)/4*(-1)/(2/20). What are the prime factors of g(l)?
17, 43
Let n = 5421 + 1858. List the prime factors of n.
29, 251
Suppose 35*i - 32*i - 2403 = 0. Suppose 12*c = 15*c - i. What are the prime factors of c?
3, 89
Suppose 5*r + 4 + 7 = -4*z, r = 3*z + 13. What are the prime factors of 626*(-2)/(-2) - z?
2, 3, 5, 7
Suppose 2*m = 6*m - 5*k - 214613, 5*m - 268317 = -k. What are the prime factors of m?
2, 7, 3833
Suppose 0 = 16*x - 20*x + t + 3129, -x = 4*t - 795. What are the prime factors of x?
3, 29
What are the prime factors of (19/152 + 283/(-8))*-232?
2, 3, 29, 47
Suppose -g + 3*k = 135, -3*g + 5*k + 281 = -5*g. Let f = g + 146. Suppose 730 = f*b - 54. What are the prime factors of b?
2, 7
Suppose -4*j - b + 335 = 0, j + 4*b - 21 - 59 = 0. Let q be (-20)/(-100) + (-1)/5. Suppose q = -13*h + 15*h - j. List the prime factors of h.
2, 3, 7
Let b = -204 + 208. Suppose 8*o - 1225 = 6*o + 3*j, -20 = b*j. What are the prime factors of o?
5, 11
What are the prime factors of (22/(-4))/((-136)/1118192) + 4?
3, 5, 67
Suppose 1286985 = 242*m - 1377919. What are the prime factors of m?
2, 2753
Suppose -3*c = -u - 16430, 2168 - 7634 = -c + 3*u. List the prime factors of c.
2, 3, 11, 83
Suppose 2*o + 195 = 221. Suppose 580 = -o*w + 13541. Suppose s = -5*a + w, s - 207 = -a - 3*s. What are the prime factors of a?
199
Let n = 535 + 1803. List the prime factors of n.
2, 7, 167
Let k be (-10)/4*(-8)/2. Let l(a) = -a**2 + 10*a. Let b be l(k). Suppose o - 2*o + 58 = b. List the prime factors of o.
2, 29
Let d = -428 - -438. Let v(g) = g**3 - 9*g**2 + 60*g - 10. What are the prime factors of v(d)?
2, 3, 5, 23
Suppose -409*r = -408*r + 135. What are the prime factors of (-81)/r - 1/(5/(-4002))?
3, 89
Let w be 5/(-20) + (4 - 20/(-16)). Suppose 4*q - 2277 = w*k, -564 = -q - 5*k + k. What are the prime factors of q?
2, 71
Suppose 18*o - 14*o = 2*b - 48, 4*o - 48 = -4*b. Suppose -b*h - 19184 = -27*h. List the prime factors of h.
2, 109
Suppose -y = -5*b - 4786, -64*b + 61*b + 9546 = 2*y. List the prime factors of y.
2, 3, 199
What are the prime factors of -65*(-680)/(-50)*48/(-2)?
2, 3, 13, 17
Let l(a) = -a**3 - 7*a**2 - 10*a - 11. Let p = 30 - 27. Let s(m) = m - 10. Let h be s(p). What are the prime factors of l(h)?
59
Suppose i + 3*t = 10656, 5*i - 28416 = -3*t + 24900. What are the prime factors of i?
3, 5, 79
Suppose 24*g - 49*g = 15*g - 49560. What are the prime factors of g?
3, 7, 59
Suppose 2*v + 0*v + 2*g - 42248 = 0, -5*v + 105632 = 3*g. List the prime factors of v.
2, 5, 2113
Suppose 5*v = -3*m + 30188, -1834 + 1870 = -4*m. What are the prime factors of v?
6043
Let w be 6/(-9)*-6 + -1 + 0. List the prime factors of w*((-3)/2)/(3/(-212)).
2, 3, 53
Let v = -19 + 42. Suppose -77*o + 120 = -34. What are the prime factors of -3 - v*(o - 12)?
227
Suppose g + 136013 = 3*f, -3*g = 70*f - 74*f + 181364. List the prime factors of f.
5, 9067
Let w(h) = 539*h + 2930. What are the prime factors of w(25)?
5, 17, 193
What are the prime factors of (-8)/(-76) - ((-25)/(-100) + (-1072143)/76)?
14107
Let u be (-3)/(18/63 + (-41)/70). Suppose -6*o = -u*o + 1416. What are the prime factors of o?
2, 3, 59
Let f = 9935 - 3525. What are the prime factors of f?
2, 5, 641
Let s = 79 - 81. Let r(v) = -130*v + 20. List the prime factors of r(s).
2, 5, 7
Suppose -11*s + 13*s - 38 = -5*c, -4*s - 4*c + 52 = 0. Suppose 16*u + s*u - 30625 = 